ase 7) to base 12.
-3b
Convert 1120 (base 3) to base 13.
33
Convert -58 (base 11) to base 3.
-2100
What is -62 (base 8) in base 12?
-42
Convert -644 (base 7) to base 12.
-232
What is -bb (base 12) in base 13?
-b0
What is 71 (base 8) in base 7?
111
Convert -6 (base 7) to base 12.
-6
300 (base 11) to base 7
1026
What is -2 (base 14) in base 12?
-2
What is -158 (base 9) in base 5?
-1014
What is 1 (base 15) in base 16?
1
-1b2 (base 12) to base 14
-15c
Convert 0 (base 7) to base 10.
0
What is b (base 13) in base 10?
11
What is 1000 (base 2) in base 7?
11
Convert -110 (base 4) to base 15.
-15
What is -130 (base 4) in base 12?
-24
Convert -1313 (base 5) to base 12.
-154
-11 (base 11) to base 9
-13
2202 (base 3) to base 14
54
What is -22101 (base 3) in base 6?
-1014
Convert -7 (base 8) to base 16.
-7
111 (base 2) to base 7
10
1 (base 2) to base 7
1
-53 (base 16) to base 7
-146
What is 17 (base 8) in base 4?
33
Convert -8c (base 15) to base 10.
-132
-22 (base 7) to base 14
-12
-5c (base 14) to base 7
-145
3 (base 8) to base 15
3
-1123 (base 5) to base 11
-139
3 (base 16) to base 6
3
0 (base 6) to base 16
0
-222 (base 3) to base 11
-24
4 (base 12) to base 2
100
8 (base 11) to base 4
20
3 (base 16) to base 14
3
What is 3 (base 12) in base 16?
3
What is -4 (base 15) in base 4?
-10
What is 33 (base 9) in base 8?
36
What is 54 (base 9) in base 7?
100
What is 300 (base 5) in base 3?
2210
What is -1 (base 11) in base 13?
-1
What is 5 (base 12) in base 10?
5
Convert -134 (base 12) to base 9.
-224
What is -122 (base 5) in base 14?
-29
What is -101100 (base 2) in base 6?
-112
Convert 0 (base 7) to base 15.
0
453 (base 6) to base 4
2301
What is -177 (base 9) in base 13?
-b8
What is 5 (base 16) in base 5?
10
Convert 201 (base 6) to base 11.
67
-147 (base 15) to base 16
-124
What is 3 (base 5) in base 11?
3
Convert 14 (base 10) to base 8.
16
Convert -a (base 13) to base 3.
-101
1 (base 3) to base 15
1
What is -111001 (base 3) in base 12?
-254
Convert -100 (base 2) to base 7.
-4
310 (base 7) to base 13
bb
Convert -9 (base 10) to base 7.
-12
What is 2 (base 13) in base 15?
2
What is 6a (base 14) in base 15?
64
-264 (base 8) to base 7
-345
Convert 21 (base 8) to base 11.
16
5 (base 13) to base 12
5
What is -10 (base 4) in base 15?
-4
3 (base 8) to base 5
3
Convert 16 (base 12) to base 13.
15
-a (base 13) to base 16
-a
Convert 0 (base 4) to base 6.
0
What is -41 (base 11) in base 9?
-50
-3 (base 9) to base 16
-3
What is -12 (base 7) in base 5?
-14
What is 4 (base 13) in base 6?
4
Convert -1 (base 10) to base 4.
-1
Convert -c9 (base 14) to base 3.
-20120
-2d (base 15) to base 9
-47
Convert -7 (base 9) to base 12.
-7
What is -4b (base 16) in base 11?
-69
What is -10 (base 9) in base 5?
-14
Convert 110110 (base 3) to base 9.
413
Convert -3 (base 15) to base 2.
-11
Convert -1 (base 4) to base 2.
-1
13 (base 6) to base 5
14
What is -3 (base 8) in base 4?
-3
What is 1 (base 16) in base 14?
1
2 (base 6) to base 7
2
Convert -101 (base 3) to base 13.
-a
Convert 2 (base 14) to base 7.
2
Convert 2 (base 4) to base 8.
2
What is 50 (base 6) in base 11?
28
-3 (base 9) to base 5
-3
Convert -64 (base 10) to base 12.
-54
What is 2 (base 13) in base 7?
2
Convert 3 (base 6) to base 14.
3
-24 (base 13) to base 4
-132
-4 (base 11) to base 16
-4
Convert -1a (base 12) to base 6.
-34
What is -131 (base 4) in base 6?
-45
Convert -76 (base 14) to base 8.
-150
What is 1 (base 15) in base 3?
1
What is 50 (base 8) in base 11?
37
Convert 10 (base 4) to base 16.
4
What is -133 (base 12) in base 6?
-503
Convert -49 (base 16) to base 9.
-81
Convert -336 (base 7) to base 14.
-c6
What is 10011 (base 2) in base 10?
19
Convert 23 (base 5) to base 12.
11
Convert 461 (base 7) to base 5.
1424
Convert 42 (base 8) to base 10.
34
What is -36 (base 13) in base 5?
-140
1001100 (base 2) to base 6
204
What is -3 (base 13) in base 16?
-3
What is 7 (base 16) in base 8?
7
110111 (base 2) to base 5
210
3b (base 13) to base 8
62
What is -4 (base 15) in base 2?
-100
-120 (base 5) to base 4
-203
What is 9b (base 12) in base 4?
1313
What is 170 (base 11) in base 5?
1243
-7 (base 15) to base 9
-7
6c (base 13) to base 2
1011010
Convert 1 (base 8) to base 14.
1
Convert 1 (base 12) to base 3.
1
What is -2 (base 7) in base 2?
-10
2 (base 6) to base 4
2
-27 (base 9) to base 2
-11001
Convert -16 (base 8) to base 7.
-20
What is 221 (base 5) in base 7?
115
-24 (base 14) to base 3
-1012
-1042 (base 6) to base 12
-182
What is 24 (base 8) in base 4?
110
Convert 2 (base 4) to base 5.
2
-6 (base 12) to base 9
-6
26 (base 13) to base 15
22
What is 12 (base 8) in base 5?
20
-5 (base 7) to base 16
-5
100 (base 2) to base 11
4
0 (base 2) to base 5
0
-10 (base 2) to base 8
-2
Convert -7 (base 16) to base 9.
-7
Convert -1a (base 16) to base 14.
-1c
What is -1200 (base 3) in base 13?
-36
3 (base 16) to base 6
3
21 (base 5) to base 8
13
-1 (base 3) to base 5
-1
-2 (base 14) to base 16
-2
Convert 310 (base 4) to base 8.
64
111100 (base 2) to base 15
40
What is -197 (base 11) in base 12?
-16b
Convert 0 (base 15) to base 11.
0
Convert -4 (base 9) to base 6.
-4
What is -231 (base 7) in base 12?
-a0
-2 (base 14) to base 3
-2
168 (base 12) to base 10
224
Convert -13 (base 13) to base 12.
-14
6b (base 15) to base 4
1211
Convert -11 (base 10) to base 13.
-b
Convert 2 (base 16) to base 10.
2
What is 28 (base 11) in base 12?
26
What is -2 (base 10) in base 9?
-2
What is 8 (base 10) in base 2?
1000
-62 (base 16) to base 13
-77
Convert -3 (base 10) to base 3.
-10
0 (base 9) to base 15
0
3 (base 16) to base 4
3
What is 4 (base 8) in base 9?
4
Convert -3 (base 15) to base 3.
-10
Convert -1 (base 8) to base 3.
-1
What is 1 (base 15) in base 16?
1
Convert 101101 (base 2) to base 4.
231
Convert -3 (base 15) to base 11.
-3
What is -3 (base 10) in base 14?
-3
What is 30 (base 10) in base 12?
26
-3 (base 11) to base 13
-3
-282 (base 9) to base 14
-12c
Convert 4 (base 5) to base 12.
4
What is -10 (base 4) in base 3?
-11
-67 (base 13) to base 7
-151
6 (base 11) to base 7
6
Convert -4 (base 8) to base 4.
-10
11 (base 2) to base 15
3
Convert 1 (base 3) to base 13.
1
-12 (base 3) to base 11
-5
-20 (base 7) to base 11
-13
Convert 10011100 (base 2) to base 15.
a6
What is -4 (base 12) in base 2?
-100
0 (base 11) to base 8
0
Convert 0 (base 4) to base 12.
0
60 (base 9) to base 2
110110
Convert -1 (base 14) to base 5.
-1
Convert -123 (base 12) to base 13.
-102
What is -13 (base 5) in base 14?
-8
Convert 10 (base 2) to base 13.
2
14 (base 5) to base 4
21
83 (base 15) to base 4
1323
-2412 (base 5) to base 9
-436
Convert -5 (base 11) to base 9.
-5
8 (base 10) to base 7
11
What is -76 (base 9) in base 10?
-69
What is 14 (base 5) in base 14?
9
-ba (base 13) to base 2
-10011001
What is 131 (base 5) in base 15?
2b
Convert 4 (base 7) to base 9.
4
Convert 2 (base 5) to base 2.
10
Convert -641 (base 7) to base 12.
-22b
What is -22 (base 5) in base 9?
-13
Convert 5 (base 12) to base 7.
5
1 (base 14) to base 2
1
What is c (base 15) in base 2?
1100
13 (base 14) to base 4
101
What is 220 (base 4) in base 13?
31
Convert b (base 14) to base 15.
b
112 (base 13) to base 12
134
What is 1 (base 11) in base 12?
1
Convert 8e (base 16) to base 11.
11a
What is -1 (base 9) in base 14?
-1
-10 (base 3) to base 11
-3
Convert 16 (base 9) to base 3.
120
Convert 1151 (base 6) to base 5.
2113
What is -2 (base 15) in base 12?
-2
Convert -1100 (base 2) to base 11.
-11
-26 (base 7) to base 12
-18
What is -3 (base 16) in base 12?
-3
Convert 10111101 (base 2) to base 4.
2331
-6 (base 10) to base 11
-6
What is 3 (base 11) in base 2?
11
-11 (base 2) to base 5
-3
Convert 1 (base 13) to base 15.
1
Convert 25 (base 11) to base 15.
1c
Convert -72 (base 13) to base 7.
-162
Convert 2 (base 7) to base 11.
2
Convert 6 (base 14) to base 16.
6
-32 (base 11) to base 3
-1022
1 (base 12) to base 15
1
Convert 1 (base 4) to base 12.
1
Convert -115 (base 6) to base 2.
-101111
Convert -2 (base 11) to base 9.
-2
2a (base 15) to base 7
55
What is 11 (base 5) in base 15?
6
What is 9 (base 15) in base 8?
11
What is 0 (base 14) in base 15?
0
11 (base 4) to base 14
5
Convert 65 (base 8) to base 9.
58
What is -45 (base 6) in base 4?
-131
Convert -20 (base 16) to base 3.
-1012
Convert -201 (base 3) to base 9.
-21
b (base 15) to bas